he tens digit of 213010?
1
What is the tens digit of 32620?
2
What is the hundreds digit of 22489?
4
What is the tens digit of 10938?
3
What is the units digit of 334?
4
What is the thousands digit of 3536?
3
What is the units digit of 9327?
7
What is the hundreds digit of 732?
7
What is the hundreds digit of 1021?
0
What is the tens digit of 1052?
5
What is the tens digit of 2765?
6
What is the hundreds digit of 487?
4
What is the units digit of 636?
6
What is the units digit of 68839?
9
What is the units digit of 23840?
0
What is the units digit of 6885?
5
What is the units digit of 22484?
4
What is the ten thousands digit of 13087?
1
What is the tens digit of 64?
6
What is the units digit of 65?
5
What is the units digit of 33792?
2
What is the hundreds digit of 5713?
7
What is the units digit of 18235?
5
What is the units digit of 847?
7
What is the tens digit of 13064?
6
What is the units digit of 6667?
7
What is the thousands digit of 6243?
6
What is the tens digit of 14834?
3
What is the hundreds digit of 1626?
6
What is the tens digit of 705?
0
What is the hundreds digit of 135727?
7
What is the tens digit of 462?
6
What is the units digit of 1726?
6
What is the tens digit of 35282?
8
What is the tens digit of 25052?
5
What is the ten thousands digit of 10609?
1
What is the hundreds digit of 16142?
1
What is the units digit of 4748?
8
What is the thousands digit of 3605?
3
What is the units digit of 60663?
3
What is the hundreds digit of 81955?
9
What is the units digit of 1386?
6
What is the thousands digit of 3519?
3
What is the ten thousands digit of 62847?
6
What is the thousands digit of 3005?
3
What is the units digit of 1803?
3
What is the tens digit of 12050?
5
What is the thousands digit of 9287?
9
What is the ten thousands digit of 110289?
1
What is the tens digit of 33?
3
What is the tens digit of 1293?
9
What is the thousands digit of 35786?
5
What is the hundreds digit of 998?
9
What is the thousands digit of 57671?
7
What is the ten thousands digit of 59774?
5
What is the thousands digit of 7166?
7
What is the units digit of 7106?
6
What is the hundreds digit of 151?
1
What is the hundreds digit of 1723?
7
What is the hundreds digit of 132572?
5
What is the hundreds digit of 53268?
2
What is the hundreds digit of 1223?
2
What is the tens digit of 1616?
1
What is the units digit of 30432?
2
What is the tens digit of 977?
7
What is the hundreds digit of 981?
9
What is the tens digit of 2689?
8
What is the units digit of 4453?
3
What is the units digit of 3287?
7
What is the units digit of 2934?
4
What is the tens digit of 33749?
4
What is the tens digit of 7712?
1
What is the hundreds digit of 86935?
9
What is the hundreds digit of 726?
7
What is the thousands digit of 123202?
3
What is the units digit of 16383?
3
What is the units digit of 77?
7
What is the hundreds digit of 8781?
7
What is the units digit of 2865?
5
What is the hundreds digit of 6979?
9
What is the units digit of 34556?
6
What is the thousands digit of 38648?
8
What is the tens digit of 2543?
4
What is the thousands digit of 6778?
6
What is the units digit of 7253?
3
What is the hundreds digit of 75856?
8
What is the hundreds digit of 403?
4
What is the units digit of 49295?
5
What is the hundreds digit of 859?
8
What is the ten thousands digit of 30505?
3
What is the tens digit of 2474?
7
What is the units digit of 101265?
5
What is the tens digit of 34262?
6
What is the thousands digit of 76210?
6
What is the tens digit of 21147?
4
What is the hundreds digit of 3394?
3
What is the ten thousands digit of 10364?
1
What is the units digit of 3816?
6
What is the units digit of 7114?
4
What is the hundreds digit of 7629?
6
What is the units digit of 66146?
6
What is the units digit of 5789?
9
What is the tens digit of 101642?
4
What is the tens digit of 52418?
1
What is the hundreds digit of 8093?
0
What is the units digit of 975?
5
What is the tens digit of 1090?
9
What is the thousands digit of 16165?
6
What is the thousands digit of 1097?
1
What is the units digit of 658?
8
What is the thousands digit of 30982?
0
What is the ten thousands digit of 37835?
3
What is the units digit of 90770?
0
What is the ten thousands digit of 10616?
1
What is the units digit of 335?
5
What is the tens digit of 59226?
2
What is the units digit of 194?
4
What is the thousands digit of 2107?
2
What is the units digit of 4640?
0
What is the units digit of 861?
1
What is the hundreds digit of 6212?
2
What is the thousands digit of 1616?
1
What is the units digit of 25658?
8
What is the hundreds digit of 41973?
9
What is the tens digit of 2746?
4
What is the ten thousands digit of 184503?
8
What is the hundreds digit of 1734?
7
What is the hundreds digit of 2855?
8
What is the units digit of 22045?
5
What is the thousands digit of 1326?
1
What is the thousands digit of 3794?
3
What is the units digit of 112?
2
What is the hundreds digit of 4124?
1
What is the hundreds digit of 4105?
1
What is the hundreds digit of 18676?
6
What is the thousands digit of 5012?
5
What is the ten thousands digit of 25497?
2
What is the hundred thousands digit of 104061?
1
What is the hundreds digit of 845?
8
What is the units digit of 4589?
9
What is the units digit of 9320?
0
What is the tens digit of 164?
6
What is the units digit of 1382?
2
What is the hundreds digit of 6055?
0
What is the hundreds digit of 8561?
5
What is the units digit of 54387?
7
What is the units digit of 935?
5
What is the units digit of 497?
7
What is the thousands digit of 47405?
7
What is the hundreds digit of 171?
1
What is the tens digit of 8151?
5
What is the units digit of 979?
9
What is the ten thousands digit of 12116?
1
What is the ten thousands digit of 50388?
5
What is the thousands digit of 167009?
7
What is the hundreds digit of 44953?
9
What is the hundreds digit of 5101?
1
What is the hundreds digit of 18485?
4
What is the units digit of 418?
8
What is the thousands digit of 66768?
6
What is the tens digit of 31974?
7
What is the units digit of 173?
3
What is the tens digit of 2419?
1
What is the thousands digit of 61683?
1
What is the thousands digit of 5978?
5
What is the units digit of 46253?
3
What is the units digit of 38422?
2
What is the ten thousands digit of 21988?
2
What is the thousands digit of 2318?
2
What is the thousands digit of 1222?
1
What is the tens digit of 1194?
9
What is the tens digit of 4446?
4
What is the thousands digit of 2500?
2
What is the hundreds digit of 1155?
1
What is the tens digit of 21411?
1
What is the tens digit of 2163?
6
What is the units digit of 6592?
2
What is the tens digit of 28329?
2
What is the units digit of 43064?
4
What is the units digit of 1551?
1
What is the tens digit of 77944?
4
What is the hundreds digit of 351?
3
What is the units digit of 1326?
6
What is the hundreds digit of 11429?
4
What is the tens digit of 984?
8
What is the hundreds digit of 264?
2
What is the tens digit of 28?
2
What is the tens digit of 2944?
4
What is the tens digit of 615?
1
What is the tens digit of 1250?
5
What is the units digit of 3556?
6
What is the hundreds digit of 800?
8
What is the thousands digit of 7302?
7
What is the hundreds digit of 104022?
0
What is the thousands digit of 7095?
7
What is the hundreds digit of 921?
9
What is the hundreds digit of 1160?
1
What is the tens digit of 24117?
1
What is the hundreds digit of 85105?
1
What is the ten thousands digit of 14761?
1
What is the tens digit of 5964?
6
What is the units digit of 41534?
4
What is the hundreds digit of 8757?
7
What is the ten thousands digit of 142100?
4
What is the units digit of 3882?
2
What is the tens digit of 1059?
5
What is the units digit of 843?
3
What is the tens digit of 1330?
3
What is the tens digit of 25817?
1
What is the tens digit of 7541?
4
What is the tens digit of 28?
2
What is the units digit of 61809?
9
What is the tens digit of 3745?
4
What is the units digit of 602?
2
What is the thousands digit of 2771?
2
What is the hundreds digit of 1460?
4
What is the tens digit of 127?
2
What is the tens digit of 13496?
9
What is the thousands digit of 35874?
5
What is the units digit of 1575?
5
What is the hundreds digit of 3519?
5
What is the thousands digit of 14304?
4
What 